ulate the greatest common factor of 897 and 4623.
69
Calculate the highest common divisor of 37681 and 120733.
769
What is the highest common factor of 61257 and 210?
21
What is the highest common factor of 3416009 and 159?
53
What is the highest common divisor of 570184 and 8?
8
What is the highest common divisor of 80 and 84224?
16
Calculate the highest common factor of 10547 and 1007.
53
What is the highest common factor of 27089 and 618?
103
Calculate the highest common factor of 55413 and 2961.
423
Calculate the greatest common factor of 50953 and 116.
29
What is the highest common factor of 52048 and 16?
16
What is the greatest common divisor of 208 and 1944?
8
Calculate the highest common divisor of 4 and 33994.
2
What is the greatest common factor of 1734 and 4386?
102
Calculate the highest common factor of 118975 and 950.
25
Calculate the greatest common divisor of 2056 and 78899.
257
Calculate the greatest common factor of 528 and 339680.
176
What is the greatest common factor of 24 and 170904?
24
What is the greatest common divisor of 144 and 24507?
9
What is the highest common divisor of 144090 and 360?
90
What is the greatest common divisor of 14706 and 8676?
18
What is the greatest common divisor of 3475 and 45?
5
Calculate the greatest common factor of 252 and 120144.
12
What is the greatest common factor of 884 and 15368?
68
What is the greatest common divisor of 8 and 394520?
8
What is the greatest common divisor of 176 and 22946?
22
What is the greatest common divisor of 5084 and 808?
4
What is the highest common divisor of 19730 and 30?
10
Calculate the highest common factor of 400 and 190.
10
Calculate the highest common factor of 108915 and 60.
15
What is the highest common factor of 3 and 1648?
1
Calculate the greatest common factor of 8004 and 1863.
69
Calculate the highest common factor of 408 and 44744.
136
Calculate the highest common factor of 324 and 5058.
18
What is the highest common factor of 201 and 2962941?
201
Calculate the highest common divisor of 412 and 166139.
103
What is the greatest common divisor of 13350 and 1770?
30
What is the highest common divisor of 2325 and 14925?
75
Calculate the highest common factor of 637 and 3871.
49
What is the highest common divisor of 1022 and 12556?
146
What is the highest common factor of 1202 and 36661?
601
Calculate the greatest common divisor of 1085625 and 24375.
1875
Calculate the greatest common divisor of 25 and 1638400.
25
Calculate the highest common divisor of 3925 and 14601.
157
Calculate the greatest common factor of 95059 and 184.
23
What is the greatest common divisor of 6453 and 55687?
239
Calculate the highest common factor of 444 and 48544.
148
What is the greatest common factor of 2421 and 35508?
807
Calculate the highest common factor of 65 and 19006.
13
Calculate the greatest common divisor of 113829 and 57.
57
Calculate the greatest common factor of 2730590 and 10.
10
What is the greatest common factor of 1269 and 1302276?
141
Calculate the highest common divisor of 1713642 and 21.
21
Calculate the greatest common factor of 27734 and 18112.
566
Calculate the greatest common divisor of 571 and 3.
1
What is the highest common factor of 28413 and 441?
63
What is the greatest common divisor of 2452158 and 90?
18
What is the greatest common divisor of 19295 and 29056?
227
What is the highest common factor of 4104 and 20784?
24
Calculate the greatest common factor of 2151 and 6931.
239
Calculate the highest common divisor of 15 and 8043915.
15
Calculate the greatest common divisor of 180 and 190917.
9
Calculate the highest common divisor of 502170 and 1140.
570
What is the greatest common divisor of 3 and 81492?
3
Calculate the greatest common factor of 172 and 131322.
86
Calculate the greatest common factor of 12 and 817107.
3
Calculate the highest common factor of 125398 and 7579.
689
What is the greatest common divisor of 2875046 and 184?
46
Calculate the greatest common factor of 62 and 20491.
31
What is the highest common factor of 52928 and 320?
64
What is the greatest common factor of 120761 and 613?
613
Calculate the greatest common factor of 74414 and 1189.
29
Calculate the greatest common divisor of 5598761 and 371.
371
What is the highest common factor of 29133 and 913?
83
What is the highest common divisor of 279 and 47461?
31
What is the highest common divisor of 816 and 420954?
102
Calculate the highest common divisor of 20169 and 7221.
249
What is the highest common divisor of 63 and 758793?
21
Calculate the highest common divisor of 55 and 7765.
5
Calculate the greatest common divisor of 6 and 46218.
6
Calculate the highest common factor of 1948 and 112.
4
Calculate the greatest common divisor of 305 and 1834880.
305
Calculate the highest common factor of 66 and 11771034.
66
Calculate the highest common factor of 783347 and 107.
107
What is the greatest common divisor of 6912 and 828?
36
What is the highest common divisor of 616 and 5786?
22
What is the greatest common factor of 3970 and 3004496?
794
Calculate the greatest common divisor of 25 and 555000.
25
Calculate the highest common factor of 45 and 879165.
45
Calculate the highest common factor of 534 and 684321.
267
What is the greatest common factor of 508 and 13462?
254
What is the greatest common factor of 25083 and 189?
27
What is the highest common divisor of 1106 and 2973481?
553
Calculate the highest common divisor of 40 and 2795.
5
What is the highest common divisor of 33 and 903518?
11
Calculate the highest common factor of 112009 and 202.
101
Calculate the greatest common divisor of 24682 and 2009.
287
What is the greatest common factor of 1159 and 1843?
19
What is the highest common factor of 16 and 42508?
4
Calculate the greatest common divisor of 1089928 and 308.
28
What is the highest common divisor of 25724 and 2180?
436
What is the greatest common factor of 57256 and 8?
8
What is the highest common factor of 81482 and 9694?
262
What is the highest common factor of 3744 and 351?
117
What is the greatest common factor of 252 and 203?
7
Calculate the highest common factor of 1014 and 2.
2
Calculate the highest common divisor of 527 and 10081.
17
What is the greatest common divisor of 120 and 678840?
120
What is the greatest common factor of 2336 and 9563?
73
Calculate the highest common divisor of 32 and 13940.
4
What is the highest common divisor of 2724022 and 10024?
2506
Calculate the highest common factor of 61185 and 105.
15
What is the greatest common divisor of 175 and 68740?
35
Calculate the highest common factor of 50689 and 27249.
293
Calculate the greatest common factor of 62112 and 96.
96
What is the highest common factor of 66 and 480502?
22
What is the greatest common divisor of 236 and 156586?
118
Calculate the highest common factor of 6 and 751866.
6
What is the highest common divisor of 97555 and 10?
5
What is the greatest common divisor of 272 and 28696?
136
What is the greatest common divisor of 3581350 and 205?
205
Calculate the greatest common factor of 114908 and 138.
46
Calculate the greatest common divisor of 12704 and 864.
32
Calculate the highest common divisor of 2673 and 175824.
297
What is the highest common divisor of 11 and 990?
11
Calculate the highest common divisor of 1760 and 962610.
110
What is the greatest common divisor of 1323984 and 32?
16
What is the highest common divisor of 725 and 986?
29
What is the highest common factor of 658 and 2653?
7
What is the greatest common divisor of 71703 and 257?
257
Calculate the highest common divisor of 63706 and 424.
106
What is the highest common factor of 10230 and 3630?
330
Calculate the greatest common factor of 37259 and 152057.
1007
What is the highest common factor of 75 and 1516650?
75
Calculate the greatest common divisor of 796 and 2452874.
398
Calculate the highest common factor of 98021 and 22.
11
What is the greatest common divisor of 15483 and 117?
39
What is the greatest common divisor of 1163313 and 855?
171
Calculate the highest common divisor of 6 and 33054.
6
What is the greatest common divisor of 15977 and 247?
13
What is the highest common divisor of 5 and 163045?
5
Calculate the greatest common divisor of 547140 and 75.
15
Calculate the greatest common divisor of 10